52 - 18 = 0. What is the highest common divisor of q and b?
7
Suppose -2*v + 169 = -287. What is the highest common divisor of 96 and v?
12
Let q(g) = -g**3 - 4*g**2 - 6*g - 1. Let y be q(-3). Let b be (y/(-6))/2*-36. Let d be ((-5)/4)/(1/(-48)). What is the highest common divisor of b and d?
12
Suppose g + 260 = 4*s - 9*s, 0 = g - 3*s + 260. Let y be g/(-2) + (-15 - -11). What is the highest common factor of y and 14?
14
Suppose -2*r = 8, 3*a = 14*r - 16*r + 31. Suppose 0*q = 4*q + u - 570, 0 = -q - 4*u + 135. What is the greatest common factor of q and a?
13
Suppose 442*c + 216 = 448*c. What is the highest common factor of 90 and c?
18
Let d(v) = -v + 5. Let l be d(-7). Let b = 0 + l. Calculate the greatest common factor of b and 84.
12
Let a be (2 - -1)/(2/114). Let x be 1*(-12)/(12/(-19)). Calculate the highest common divisor of a and x.
19
Let u = 744 + -714. Suppose 5*d - 54 - 46 = 0. What is the greatest common divisor of u and d?
10
Suppose -4*j - 20 = 0, 2 = 5*w - j - 13. Suppose 6 = -w*x, 2*x - 24 + 0 = -5*u. Let t be 382/u - (-7)/21. Calculate the greatest common factor of t and 8.
8
Let m = 27 - 8. Suppose 3*b + 3*x - 146 = -2*x, 0 = -4*b + 4*x + 248. Calculate the highest common divisor of m and b.
19
Let i = -55 + 88. Calculate the greatest common factor of 11 and i.
11
Let k be (-30)/8*(-16)/12. Suppose h = -5*q + 65, 5*h - 45 = -0*q - k*q. Calculate the greatest common factor of q and 98.
14
Let h be ((-2)/(-8))/(8/288). Suppose 0 = -7*o + h*o - 44. Calculate the highest common factor of 22 and o.
22
Suppose -7*x = -47 - 16. Calculate the greatest common divisor of 12 and x.
3
Suppose -4 = 2*i - 14. Suppose -s = -i*s + 52. Calculate the greatest common factor of s and 104.
13
Let b(r) = 0 + 3*r - 5*r + 6 + 0*r. Let u be b(3). Suppose 4*y - 6*y + 72 = u. Calculate the highest common divisor of y and 9.
9
Suppose 0 = 5*z + 4*n - 8, -4*n + 16 = z + 24. Let b(j) = j + 2. Let m be b(-8). Let y be ((-4)/m)/(2/132). Calculate the highest common divisor of y and z.
4
Let d = 0 - 62. Let h = 29 - d. Suppose 4*c + 19 = -t + h, 4*t + 5*c - 321 = 0. What is the highest common factor of t and 12?
12
Let n be (8/(-3))/(22/(-18) - -1). Let a be n/(-5) + 6/(-10) - -5. Calculate the greatest common divisor of 18 and a.
2
Suppose -128*z = -132*z + 56. Calculate the greatest common divisor of 140 and z.
14
Let v = 70 - 40. What is the greatest common divisor of 90 and v?
30
Let z = -33 - -51. Suppose 5*q + 7*q = 108. What is the greatest common divisor of q and z?
9
Let t = -76 - -89. Let f(n) = 4*n**2 + 19*n - 4. Let i be f(-6). What is the greatest common factor of t and i?
13
Let h(r) = 3*r**3 - 18*r**2 + 11*r - 14. Let y be h(7). What is the highest common factor of y and 270?
30
Suppose 5*r - 4 = -24. Let s(b) = b**3 - b**2 - 39*b - 1. Let u be s(7). Let j be -2*175/(u/r). Calculate the greatest common divisor of j and 105.
35
Let g = 1 + -1. Suppose -6*z + 4*z + 4*t = -42, z - 3*t - 26 = g. Let o be (-9 - -5) + 4 - 3*-33. What is the highest common factor of o and z?
11
Let s = 347 - -17. Suppose s = -0*w + 7*w. What is the greatest common divisor of w and 39?
13
Suppose 27*l - 23*l = 792. What is the highest common factor of 18 and l?
18
Let j(h) = 11*h + 30. Let f be j(6). Let a = f - 54. Calculate the highest common factor of 21 and a.
21
Let t = 362 - 294. What is the greatest common divisor of 12 and t?
4
Suppose 2*s = -4*s + 384. Suppose -s - 8 = -3*r. Let k = 282 + -162. What is the greatest common factor of k and r?
24
Let f be (-10)/(9549/(-2385) - -4). Calculate the highest common factor of 50 and f.
50
Let h = 6 - 1. Suppose 0 = 2*g + n + 1, 2*g - h*n = 21 + 8. Suppose 7*x - 3*x = 16. Calculate the highest common divisor of x and g.
2
Let j be (-16)/(-3) + 9/(-27). Suppose -j = z - 8. Suppose z*q - 69 = 5*i, 5*i = -q + 3*i + 12. Calculate the greatest common divisor of q and 6.
6
Let b be 0 + ((-3)/2)/(2/(-4)). Let p be 17 + (-1 - b - (-4 - -2)). Calculate the highest common divisor of p and 165.
15
Suppose 64 = 3*g - 26. Let c(u) = -2*u + 34. Let v(x) = 3*x**2 - 2*x - 1. Let a be v(2). Let n be c(a). What is the greatest common factor of n and g?
10
Suppose -94*z = -106*z + 480. Calculate the highest common factor of z and 60.
20
Suppose c - 16 = 4. Let v = -10 + 1. Let h(p) = -2*p - 8. Let s be h(v). What is the greatest common factor of c and s?
10
Suppose -4*q + 82 = -14*r + 13*r, 3*q - 3*r = 66. What is the greatest common divisor of 35 and q?
5
Suppose 3*l - 8*l - 2*v = -19, -2*v = -3*l + 21. Suppose -70 = -2*b - 4*y, 19 = 3*b + 3*y - 101. Calculate the highest common divisor of b and l.
5
Let a(u) = u**2 + 13*u + 9. Let i be a(-9). Let j = 32 + i. Suppose 0 = s - h - 36, 0 = j*s + h - 101 - 55. What is the greatest common divisor of s and 352?
32
Let l(k) = k**2 + k - 3. Let x be l(-3). Let d = 5 - x. Let a(f) = 30*f - 5. Let n be a(d). Calculate the greatest common divisor of n and 5.
5
Let s = 57 + -53. Suppose 20 - 60 = -s*k. What is the highest common divisor of 4 and k?
2
Suppose -5*y = -3 - 72. Let k(h) = -h**2 + 6*h + 8. Let o be k(7). Let f(g) = 4*g + 1. Let l be f(o). What is the greatest common divisor of y and l?
5
Suppose 2*h - w - 5 = 0, -11 = -4*h + 3*w + 4. Suppose h = -2*k + 5 + 9. Calculate the greatest common factor of k and 1.
1
Let j(w) = -w**2 - 6*w + 7. Let n be j(-7). Suppose n = 7*x - x - 24. Let i be x/(-14) - 270/(-14). What is the highest common divisor of i and 57?
19
Let x be 1 + (3 - 3) - -45. Suppose -d = 39 - 62. Calculate the greatest common factor of d and x.
23
Let f = 35 - 35. Suppose f = -5*d - 5, 0 = 4*x + d - 143. Calculate the highest common factor of x and 24.
12
Suppose 1 + 27 = 7*v. Suppose -7*l + v*l = -51. What is the highest common divisor of 51 and l?
17
Let l(v) = -2*v**2 + 64*v + 15. Let i be l(32). Calculate the greatest common divisor of 50 and i.
5
Let c = 1110 - 1040. What is the greatest common factor of c and 390?
10
Let o be -3796*((-35)/(-28))/(-5). Calculate the greatest common factor of 78 and o.
13
Let k(j) = 15*j - 1. Let p be k(1). Suppose -f + p = f. Let u be 2 - 0 - (5 - f). What is the greatest common divisor of 44 and u?
4
Suppose 0 = 5*r - 2*y - 42, 3*r + y + 2*y = 42. Let x = -281 + 361. What is the greatest common divisor of x and r?
10
Let j be (738/7)/((-27)/(-189)). Calculate the greatest common divisor of j and 54.
18
Suppose 4*i = 12 - 0. Let j(n) = 14*n + 5. Let y be j(2). What is the greatest common factor of y and i?
3
Let i(t) = t**3 - 10*t**2 - 18*t + 5. Let k be (-7 - -2)*28/5. Let u = -16 - k. Let n be i(u). What is the highest common factor of n and 11?
11
Let o = 20 - 20. Suppose 619 = 3*r - 5*h, o = 4*r - h - 2*h - 807. Calculate the highest common factor of r and 18.
18
Suppose n - 2*n = -12. Suppose -179 + 299 = 10*t. What is the greatest common factor of t and n?
12
Suppose 0 = n + 4*f - 31, -9*f + 39 = 4*n - 10*f. What is the highest common divisor of n and 176?
11
Let x = -655 + 662. What is the greatest common divisor of x and 553?
7
Suppose -3*v = -4*d + 140, 5*d - 126 = 5*v + 54. Calculate the highest common factor of 1 and d.
1
Suppose 2*x = -z + 4, 1 + 11 = -5*x + 3*z. Suppose 0 = -n + 2 - x. Suppose 4*v = -2*s + 24, 8 = 5*s - n*v - v. Calculate the highest common divisor of s and 2.
2
Let s be 7*((-90)/(-35) + -1)/1. Calculate the highest common divisor of s and 154.
11
Let n(c) = c**3 - 8*c**2 - 18*c + 13. Let v be n(10). Calculate the highest common divisor of v and 11.
11
Suppose -d - 167 = -4*i - 547, 2*d = -5*i + 734. What is the highest common factor of d and 24?
12
Let l(a) = -a**2 + 13*a + 11. Let g be l(10). Suppose 4*c + 5 = g. Calculate the greatest common factor of c and 36.
9
Suppose -19*g + 534 = -17. Calculate the highest common factor of 1392 and g.
29
Suppose 2*f - 285 = -3*f. Suppose -4*o - 3*n + 177 = 0, 3*o - 5*n + f = 4*o. What is the greatest common divisor of 63 and o?
21
Suppose c = 4*p - 22, -p - 3*c = -7*c + 2. Let f be ((-13)/5)/(1/(0 - 5)). Let w = p + f. What is the greatest common divisor of w and 19?
19
Let j be 9/((-27)/(-6)) - -2. Suppose -3*b + j*s = -21, 0 = 5*s + 4 + 11. What is the highest common factor of b and 12?
3
Suppose -1172 = 3*l - 7*l. Suppose -4*o + l = -31. Calculate the highes